{"id":2,"date":"2018-12-02T15:55:19","date_gmt":"2018-12-02T14:55:19","guid":{"rendered":"http:\/\/alexclim.eu\/?page_id=2"},"modified":"2019-12-07T17:52:05","modified_gmt":"2019-12-07T16:52:05","slug":"page-d-exemple","status":"publish","type":"page","link":"https:\/\/alexclim.eu\/","title":{"rendered":"Mise en service"},"content":{"rendered":"<p>Agr\u00e9\u00e9 par la marque ATLANTIC pour les Climatisations et Pompes \u00e0 Chaleur, je peux r\u00e9aliser la mise en service de votre \u00e9quipement.<\/p>\n<p>Voici les diff\u00e9rents tarifs pour cette prestation :<\/p>\n\n\n<figure class=\"wp-block-image size-large is-resized\"><img loading=\"lazy\" src=\"http:\/\/alexclim.eu\/wp-content\/uploads\/2019\/12\/tarifs-ATLANTIC-Clim-190201.png\" alt=\"\" class=\"wp-image-60\" width=\"780\" height=\"382\" srcset=\"https:\/\/alexclim.eu\/wp-content\/uploads\/2019\/12\/tarifs-ATLANTIC-Clim-190201.png 585w, https:\/\/alexclim.eu\/wp-content\/uploads\/2019\/12\/tarifs-ATLANTIC-Clim-190201-300x147.png 300w\" sizes=\"(max-width: 780px) 100vw, 780px\" \/><\/figure>\n\n\n\n<p>ainsi que les prestations r\u00e9alis\u00e9s lors de cette mise en service :<\/p>\n\n\n\n<figure class=\"wp-block-image size-large is-resized\"><img loading=\"lazy\" src=\"http:\/\/alexclim.eu\/wp-content\/uploads\/2019\/12\/prestations.png\" alt=\"\" class=\"wp-image-61\" width=\"777\" height=\"672\" srcset=\"https:\/\/alexclim.eu\/wp-content\/uploads\/2019\/12\/prestations.png 660w, https:\/\/alexclim.eu\/wp-content\/uploads\/2019\/12\/prestations-300x260.png 300w\" sizes=\"(max-width: 777px) 100vw, 777px\" \/><\/figure>\n\n\n\n<p>et les garanties que cette prestation engendre :<\/p>\n\n\n\n<figure class=\"wp-block-image size-large is-resized\"><img loading=\"lazy\" src=\"http:\/\/alexclim.eu\/wp-content\/uploads\/2019\/12\/garantie.png\" alt=\"\" class=\"wp-image-62\" width=\"780\" height=\"406\" srcset=\"https:\/\/alexclim.eu\/wp-content\/uploads\/2019\/12\/garantie.png 628w, https:\/\/alexclim.eu\/wp-content\/uploads\/2019\/12\/garantie-300x156.png 300w\" sizes=\"(max-width: 780px) 100vw, 780px\" \/><\/figure>\n","protected":false},"excerpt":{"rendered":"<p>Agr\u00e9\u00e9 par la marque ATLANTIC pour les Climatisations et Pompes \u00e0 Chaleur, je peux r\u00e9aliser la mise en service de votre [&hellip;]<\/p>\n","protected":false},"author":1,"featured_media":0,"parent":0,"menu_order":0,"comment_status":"closed","ping_status":"open","template":"","meta":[],"_links":{"self":[{"href":"https:\/\/alexclim.eu\/index.php\/wp-json\/wp\/v2\/pages\/2"}],"collection":[{"href":"https:\/\/alexclim.eu\/index.php\/wp-json\/wp\/v2\/pages"}],"about":[{"href":"https:\/\/alexclim.eu\/index.php\/wp-json\/wp\/v2\/types\/page"}],"author":[{"embeddable":true,"href":"https:\/\/alexclim.eu\/index.php\/wp-json\/wp\/v2\/users\/1"}],"replies":[{"embeddable":true,"href":"https:\/\/alexclim.eu\/index.php\/wp-json\/wp\/v2\/comments?post=2"}],"version-history":[{"count":3,"href":"https:\/\/alexclim.eu\/index.php\/wp-json\/wp\/v2\/pages\/2\/revisions"}],"predecessor-version":[{"id":65,"href":"https:\/\/alexclim.eu\/index.php\/wp-json\/wp\/v2\/pages\/2\/revisions\/65"}],"wp:attachment":[{"href":"https:\/\/alexclim.eu\/index.php\/wp-json\/wp\/v2\/media?parent=2"}],"curies":[{"name":"wp","href":"https:\/\/api.w.org\/{rel}","templated":true}]}}

<p>Agréé par la marque ATLANTIC pour les Climatisations et Pompes à Chaleur, je peux réaliser la mise en service de votre équipement.</p>
<p>Voici les différents tarifs pour cette prestation :</p>


<figure class="wp-block-image size-large is-resized"><img loading="lazy" src="http://alexclim.eu/wp-content/uploads/2019/12/tarifs-ATLANTIC-Clim-190201.png" alt="" class="wp-image-60" width="780" height="382" srcset="https://alexclim.eu/wp-content/uploads/2019/12/tarifs-ATLANTIC-Clim-190201.png 585w, https://alexclim.eu/wp-content/uploads/2019/12/tarifs-ATLANTIC-Clim-190201-300x147.png 300w" sizes="(max-width: 780px) 100vw, 780px" /></figure>



<p>ainsi que les prestations réalisés lors de cette mise en service :</p>



<figure class="wp-block-image size-large is-resized"><img loading="lazy" src="http://alexclim.eu/wp-content/uploads/2019/12/prestations.png" alt="" class="wp-image-61" width="777" height="672" srcset="https://alexclim.eu/wp-content/uploads/2019/12/prestations.png 660w, https://alexclim.eu/wp-content/uploads/2019/12/prestations-300x260.png 300w" sizes="(max-width: 777px) 100vw, 777px" /></figure>



<p>et les garanties que cette prestation engendre :</p>



<figure class="wp-block-image size-large is-resized"><img loading="lazy" src="http://alexclim.eu/wp-content/uploads/2019/12/garantie.png" alt="" class="wp-image-62" width="780" height="406" srcset="https://alexclim.eu/wp-content/uploads/2019/12/garantie.png 628w, https://alexclim.eu/wp-content/uploads/2019/12/garantie-300x156.png 300w" sizes="(max-width: 780px) 100vw, 780px" /></figure>

<p>Agréé par la marque ATLANTIC pour les Climatisations et Pompes à Chaleur, je peux réaliser la mise en service de votre [&hellip;]</p>
